{"id":31,"date":"2018-12-02T12:13:28","date_gmt":"2018-12-02T10:13:28","guid":{"rendered":"http:\/\/dinamitzacio-social-digital.recursos.uoc.edu\/conceptes-claus-en-inclusio-exclusio-i-capacitacio-digital\/?page_id=31"},"modified":"2026-01-23T17:04:25","modified_gmt":"2026-01-23T15:04:25","slug":"1-2-societat-de-la-informacio-i-digitalitzacio","status":"publish","type":"page","link":"http:\/\/dinamitzacio-social-digital.recursos.uoc.edu\/conceptes-claus\/1-2-societat-de-la-informacio-i-digitalitzacio\/","title":{"rendered":"1.2. Societat de la informaci\u00f3 i digitalitzaci\u00f3"},"content":{"rendered":"<p>Quins trets caracteritzen la societat de la informaci\u00f3? En aquest punt hem de referir-nos a la definici\u00f3 cl\u00e0ssica de la societat de la informaci\u00f3 del soci\u00f2leg Manuel Castells:<\/p>\n<blockquote><p>\u00ab(\u2026) forma espec\u00edfica d\u2019organitzaci\u00f3 social en la qual la generaci\u00f3, el processament i la transmissi\u00f3 d\u2019informaci\u00f3 es converteixen en les fonts fonamentals de producci\u00f3 i poder\u00bb.<\/p>\n<p>Castells (2003). \u00abL\u2019era de la informaci\u00f3\u00bb. <em>Societat xarxa<\/em> (vol. VI, p\u00e0g. 54). Barcelona: EdiUOC.<\/p><\/blockquote>\n<p>I qu\u00e8 significa que la informaci\u00f3 i el coneixement s\u00f3n part del motor econ\u00f2mic de la societat? Doncs que part de la generaci\u00f3 de riquesa no est\u00e0 en el capital f\u00edsic per a la producci\u00f3 de b\u00e9ns, sin\u00f3 en el coneixement i la capacitaci\u00f3 de les persones dins del mercat de treball. Aix\u00f2 vol dir que la informaci\u00f3 i el coneixement s\u00f3n una important font productiva de la nostra societat. Per aix\u00f2, en aquest context, \u00e9s molt important aprofundir en com les persones accedeixen a la informaci\u00f3 i la converteixen en coneixement. En aquest sentit, la manera d\u2019accedir i treballar amb la informaci\u00f3 es fa, en bona part, a trav\u00e9s d&#8217;eines i plataformes digitals. Per\u00f2 no nom\u00e9s aix\u00f2: <a href=\"https:\/\/ca.wikipedia.org\/wiki\/Digitalitzaci%C3%B3\" target=\"_blank\" rel=\"noopener\">la digitalitzaci\u00f3<\/a> ha generat tamb\u00e9 canvis en la manera com les persones es comuniquen i es relacionen. Per exemple, pensem nom\u00e9s un moment en la pres\u00e8ncia dels tel\u00e8fons m\u00f2bils o de les xarxes socials d\u2019internet a les nostres vides.<\/p>\n<div class=\"featured featured-grey\"><p><strong>Breu exercici de reflexi\u00f3<\/strong><\/p>\n<p>Penseu com us comuniqueu a l\u2019hora de quedar amb els amics? Probablement feu servir grups de WhatsApp o alguna xarxa social d\u2019internet. Pregunteu-li al vostre avi com ho feien ells per a quedar els caps de setmana. Heu pensat alguna vegada com gestionar\u00edeu el dia a dia sense tel\u00e8fon intel\u00b7ligent? Com reaccioneu quan s\u2019acaba la bateria del tel\u00e8fon m\u00f2bil i sou al carrer? Quines sensacions us genera? Creieu que podr\u00edeu gestionar el vostre dia si durant una setmana no tingu\u00e9ssiu acc\u00e9s a internet?<\/p>\n<\/div>\n<p>Veiem doncs que la societat de la informaci\u00f3 i els aven\u00e7os de l&#8217;anomenada quarta revoluci\u00f3 industrial configuren un seguit d\u2019escenaris, alguns d\u2019ells ja for\u00e7a assentats, que impacten en diverses esferes de la vida de les persones. A tall de resum destaquem les seg\u00fcents:<\/p>\n<ul>\n<li>Administraci\u00f3 electr\u00f2nica: pres\u00e8ncia cada cop m\u00e9s gran de serveis institucionals com salut, govern, educaci\u00f3, etc. a partir de plataformes en l\u00ednia.<\/li>\n<li>Comer\u00e7 i banca electr\u00f2nica.<\/li>\n<li>Govern electr\u00f2nic i maneres de participaci\u00f3 ciutadana i social a internet, i la creaci\u00f3 de continguts digitals.<\/li>\n<li>Noves maneres d\u2019organitzar el treball i l\u2019ocupabilitat: treballs que requereixen l\u2019\u00fas de TIC com a habilitats b\u00e0siques, treballs m\u00e9s flexibles (persones que gr\u00e0cies a internet poden treballar des de casa accedint a tota la informaci\u00f3 de l\u2019empresa), formes de treball on es necessita m\u00e9s autonomia, m\u00e9s responsabilitat, etc., o el treball en xarxa on s\u2019interconnecten diferents actors i institucions.<\/li>\n<li>Maneres diferents d\u2019accedir a la informaci\u00f3 i a l\u2019educaci\u00f3. En refer\u00e8ncia a aquesta, la pres\u00e8ncia d\u2019opcions formatives virtuals a trav\u00e9s de les TIC \u00e9s cada vegada m\u00e9s freq\u00fcent. En l\u2019apartat sobre capacitaci\u00f3 digital parlarem m\u00e9s detalladament dels aspectes educatius vinculats amb les TIC.<\/li>\n<li>Formes diverses de comunicaci\u00f3 i de relaci\u00f3.<\/li>\n<li>L&#8217;augment de la connectivitat 4G i 5G, i la ubiq\u00fcitat de la connectivitat m\u00f2bil.<\/li>\n<li>Import\u00e0ncia de les dades massives i l\u2019anal\u00edtica de dades (<em>big data<\/em>).<\/li>\n<li>Intel\u00b7lig\u00e8ncia artificial (IA).<\/li>\n<li>Internet de les coses (<em><a href=\"https:\/\/ca.wikipedia.org\/wiki\/Internet_de_les_coses\" target=\"_blank\" rel=\"noopener\">Internet of Things<\/a>, IoT<\/em>).<\/li>\n<li><a href=\"https:\/\/ca.wikipedia.org\/wiki\/Inform%C3%A0tica_al_n%C3%BAvol\" target=\"_blank\" rel=\"noopener\"><em>Cloud Computing.<\/em><\/a><\/li>\n<li><a href=\"https:\/\/ca.wikipedia.org\/wiki\/Blockchain\" target=\"_blank\" rel=\"noopener\"><em>Blockchain<\/em> <\/a>(BC): noves maneres de fer transaccions mitjan\u00e7ant aquesta tecnologia, basada en cadenes de blocs.<\/li>\n<\/ul>\n<p>Aix\u00ed doncs, podem dir que en el terreny de la dinamitzaci\u00f3 social digital tenim dos fronts d\u2019acci\u00f3 importants:<\/p>\n<p>1. Facilitar que la poblaci\u00f3 disposi de les condicions i la capacitaci\u00f3 necess\u00e0ries en l&#8217;anomenada <a href=\"https:\/\/ca.wikipedia.org\/wiki\/Era_de_la_informaci%C3%B3\" target=\"_blank\" rel=\"noopener\">era digital<\/a>.<\/p>\n<p>2. Estimular una reflexi\u00f3 activa i cr\u00edtica al voltant de la tecnologia que ens envolta i del model tecnol\u00f2gic imperant, que possibiliti a les persones ser conscients dels seus impactes, per a poder aix\u00ed triar com, quan i amb quina tecnologia decideix relacionar-se, i de les possibilitats per transformar-la.<\/p>\n","protected":false},"excerpt":{"rendered":"<p>Quins trets caracteritzen la societat de la informaci\u00f3? En aquest punt hem de referir-nos a la definici\u00f3 cl\u00e0ssica de la societat de la informaci\u00f3 del soci\u00f2leg Manuel Castells: \u00ab(\u2026) forma espec\u00edfica d\u2019organitzaci\u00f3 social en la qual la generaci\u00f3, el processament i la transmissi\u00f3 d\u2019informaci\u00f3 es converteixen en les fonts fonamentals de producci\u00f3 i poder\u00bb. Castells [&hellip;]<\/p>\n","protected":false},"author":1,"featured_media":0,"parent":0,"menu_order":2,"comment_status":"closed","ping_status":"closed","template":"","meta":[],"_links":{"self":[{"href":"http:\/\/dinamitzacio-social-digital.recursos.uoc.edu\/conceptes-claus\/wp-json\/wp\/v2\/pages\/31"}],"collection":[{"href":"http:\/\/dinamitzacio-social-digital.recursos.uoc.edu\/conceptes-claus\/wp-json\/wp\/v2\/pages"}],"about":[{"href":"http:\/\/dinamitzacio-social-digital.recursos.uoc.edu\/conceptes-claus\/wp-json\/wp\/v2\/types\/page"}],"author":[{"embeddable":true,"href":"http:\/\/dinamitzacio-social-digital.recursos.uoc.edu\/conceptes-claus\/wp-json\/wp\/v2\/users\/1"}],"replies":[{"embeddable":true,"href":"http:\/\/dinamitzacio-social-digital.recursos.uoc.edu\/conceptes-claus\/wp-json\/wp\/v2\/comments?post=31"}],"version-history":[{"count":18,"href":"http:\/\/dinamitzacio-social-digital.recursos.uoc.edu\/conceptes-claus\/wp-json\/wp\/v2\/pages\/31\/revisions"}],"predecessor-version":[{"id":486,"href":"http:\/\/dinamitzacio-social-digital.recursos.uoc.edu\/conceptes-claus\/wp-json\/wp\/v2\/pages\/31\/revisions\/486"}],"wp:attachment":[{"href":"http:\/\/dinamitzacio-social-digital.recursos.uoc.edu\/conceptes-claus\/wp-json\/wp\/v2\/media?parent=31"}],"curies":[{"name":"wp","href":"https:\/\/api.w.org\/{rel}","templated":true}]}}